{"id":1052,"date":"2025-10-21T18:25:46","date_gmt":"2025-10-21T18:25:46","guid":{"rendered":"http:\/\/totssomdecor.org\/MarcPa\/?post_type=product&#038;p=1052"},"modified":"2026-06-02T18:41:12","modified_gmt":"2026-06-02T18:41:12","slug":"mochila-barcelona","status":"publish","type":"product","link":"https:\/\/totssomdecor.org\/?product=mochila-barcelona","title":{"rendered":"Mochila"},"content":{"rendered":"<p>Cada motxilla de <strong>Tots Som de Cor<\/strong> \u00e9s molt m\u00e9s que un <strong>complement<\/strong>: \u00e9s una pe\u00e7a \u00fanica elaborada amb dedicaci\u00f3, cura i prop\u00f2sit.<br \/>\nFabricades a m\u00e0 mitjan\u00e7ant <strong>materials sostenibles<\/strong>, aquestes <strong>motxilles<\/strong> reflecteixen el nostre comprom\u00eds amb el respecte a l&#8217;entorn i la inclusi\u00f3 social.<\/p>\n<p>Cadascuna ha estat confeccionada per <strong>persones amb discapacitat<\/strong>, que aporten el seu talent i sensibilitat a cada detall del <strong>proc\u00e9s artesanal<\/strong>. El resultat s\u00f3n <strong>motxilles aut\u00e8ntiques<\/strong>, <strong>duradores<\/strong> i <strong>plenes de valor hum\u00e0<\/strong>.<\/p>\n<p>Perfectes per al dia a dia, combinen disseny, funcionalitat i consci\u00e8ncia, convertint-se en <strong>l&#8217;accessori<\/strong> ideal per als que busquen un <strong>producte responsable<\/strong> i amb cor.<\/p>\n","protected":false},"excerpt":{"rendered":"<p>Elaborado por madres de personas con diversidad funcional y gran dependencia, con la colaboraci\u00f3n de personas voluntarias.<\/p>\n","protected":false},"featured_media":1146,"comment_status":"open","ping_status":"closed","template":"","meta":[],"product_brand":[],"product_cat":[23,24],"product_tag":[26,25],"class_list":{"0":"post-1052","1":"product","2":"type-product","3":"status-publish","4":"has-post-thumbnail","6":"product_cat-sin-categorizar","7":"product_cat-mochilas","8":"product_tag-barcelona","9":"product_tag-mochilas","11":"first","12":"instock","13":"shipping-taxable","14":"purchasable","15":"product-type-simple"},"_links":{"self":[{"href":"https:\/\/totssomdecor.org\/index.php?rest_route=\/wp\/v2\/product\/1052","targetHints":{"allow":["GET"]}}],"collection":[{"href":"https:\/\/totssomdecor.org\/index.php?rest_route=\/wp\/v2\/product"}],"about":[{"href":"https:\/\/totssomdecor.org\/index.php?rest_route=\/wp\/v2\/types\/product"}],"replies":[{"embeddable":true,"href":"https:\/\/totssomdecor.org\/index.php?rest_route=%2Fwp%2Fv2%2Fcomments&post=1052"}],"wp:featuredmedia":[{"embeddable":true,"href":"https:\/\/totssomdecor.org\/index.php?rest_route=\/wp\/v2\/media\/1146"}],"wp:attachment":[{"href":"https:\/\/totssomdecor.org\/index.php?rest_route=%2Fwp%2Fv2%2Fmedia&parent=1052"}],"wp:term":[{"taxonomy":"product_brand","embeddable":true,"href":"https:\/\/totssomdecor.org\/index.php?rest_route=%2Fwp%2Fv2%2Fproduct_brand&post=1052"},{"taxonomy":"product_cat","embeddable":true,"href":"https:\/\/totssomdecor.org\/index.php?rest_route=%2Fwp%2Fv2%2Fproduct_cat&post=1052"},{"taxonomy":"product_tag","embeddable":true,"href":"https:\/\/totssomdecor.org\/index.php?rest_route=%2Fwp%2Fv2%2Fproduct_tag&post=1052"}],"curies":[{"name":"wp","href":"https:\/\/api.w.org\/{rel}","templated":true}]}}

<p>Cada motxilla de <strong>Tots Som de Cor</strong> és molt més que un <strong>complement</strong>: és una peça única elaborada amb dedicació, cura i propòsit.<br />
Fabricades a mà mitjançant <strong>materials sostenibles</strong>, aquestes <strong>motxilles</strong> reflecteixen el nostre compromís amb el respecte a l&#8217;entorn i la inclusió social.</p>
<p>Cadascuna ha estat confeccionada per <strong>persones amb discapacitat</strong>, que aporten el seu talent i sensibilitat a cada detall del <strong>procés artesanal</strong>. El resultat són <strong>motxilles autèntiques</strong>, <strong>duradores</strong> i <strong>plenes de valor humà</strong>.</p>
<p>Perfectes per al dia a dia, combinen disseny, funcionalitat i consciència, convertint-se en <strong>l&#8217;accessori</strong> ideal per als que busquen un <strong>producte responsable</strong> i amb cor.</p>

<p>Elaborado por madres de personas con diversidad funcional y gran dependencia, con la colaboración de personas voluntarias.</p>
