{"id":1444,"date":"2026-05-04T18:44:22","date_gmt":"2026-05-04T18:44:22","guid":{"rendered":"http:\/\/totssomdecor.org\/MarcPa\/?post_type=product&#038;p=1444"},"modified":"2026-06-02T18:41:00","modified_gmt":"2026-06-02T18:41:00","slug":"neceser-acolchado","status":"publish","type":"product","link":"https:\/\/totssomdecor.org\/?product=neceser-acolchado","title":{"rendered":"Neceser acolchado"},"content":{"rendered":"<p data-start=\"113\" data-end=\"409\">Neceser acolchado con dise\u00f1o vibrante y contempor\u00e1neo, ideal para organizar y transportar tus esenciales de forma c\u00f3moda y con estilo. Su acabado acolchado aporta una textura suave y mayor protecci\u00f3n para el contenido, mientras que el estampado a todo color le da un car\u00e1cter moderno y atractivo.<\/p>\n<p data-start=\"411\" data-end=\"642\">Cuenta con cierre de cremallera superior que garantiza un acceso f\u00e1cil y seguro. Su formato amplio lo hace perfecto tanto para uso diario como para viajes, permitiendo guardar maquillaje, productos de higiene o peque\u00f1os accesorios.<\/p>\n<p data-start=\"644\" data-end=\"723\">Ligero, pr\u00e1ctico y resistente, es una opci\u00f3n funcional sin renunciar al dise\u00f1o.<\/p>\n","protected":false},"excerpt":{"rendered":"<div class=\"woocommerce-product-details__short-description\">\n<div class=\"woocommerce-product-details__short-description\">\n<p>Elaborado por madres de personas con diversidad funcional y gran dependencia, con la colaboraci\u00f3n de personas voluntarias.<\/p>\n<\/div>\n<\/div>\n","protected":false},"featured_media":1445,"comment_status":"open","ping_status":"closed","template":"","meta":[],"product_brand":[],"product_cat":[23],"product_tag":[],"class_list":{"0":"post-1444","1":"product","2":"type-product","3":"status-publish","4":"has-post-thumbnail","6":"product_cat-sin-categorizar","8":"first","9":"instock","10":"shipping-taxable","11":"purchasable","12":"product-type-simple"},"_links":{"self":[{"href":"https:\/\/totssomdecor.org\/index.php?rest_route=\/wp\/v2\/product\/1444","targetHints":{"allow":["GET"]}}],"collection":[{"href":"https:\/\/totssomdecor.org\/index.php?rest_route=\/wp\/v2\/product"}],"about":[{"href":"https:\/\/totssomdecor.org\/index.php?rest_route=\/wp\/v2\/types\/product"}],"replies":[{"embeddable":true,"href":"https:\/\/totssomdecor.org\/index.php?rest_route=%2Fwp%2Fv2%2Fcomments&post=1444"}],"wp:featuredmedia":[{"embeddable":true,"href":"https:\/\/totssomdecor.org\/index.php?rest_route=\/wp\/v2\/media\/1445"}],"wp:attachment":[{"href":"https:\/\/totssomdecor.org\/index.php?rest_route=%2Fwp%2Fv2%2Fmedia&parent=1444"}],"wp:term":[{"taxonomy":"product_brand","embeddable":true,"href":"https:\/\/totssomdecor.org\/index.php?rest_route=%2Fwp%2Fv2%2Fproduct_brand&post=1444"},{"taxonomy":"product_cat","embeddable":true,"href":"https:\/\/totssomdecor.org\/index.php?rest_route=%2Fwp%2Fv2%2Fproduct_cat&post=1444"},{"taxonomy":"product_tag","embeddable":true,"href":"https:\/\/totssomdecor.org\/index.php?rest_route=%2Fwp%2Fv2%2Fproduct_tag&post=1444"}],"curies":[{"name":"wp","href":"https:\/\/api.w.org\/{rel}","templated":true}]}}

<p data-start="113" data-end="409">Neceser acolchado con diseño vibrante y contemporáneo, ideal para organizar y transportar tus esenciales de forma cómoda y con estilo. Su acabado acolchado aporta una textura suave y mayor protección para el contenido, mientras que el estampado a todo color le da un carácter moderno y atractivo.</p>
<p data-start="411" data-end="642">Cuenta con cierre de cremallera superior que garantiza un acceso fácil y seguro. Su formato amplio lo hace perfecto tanto para uso diario como para viajes, permitiendo guardar maquillaje, productos de higiene o pequeños accesorios.</p>
<p data-start="644" data-end="723">Ligero, práctico y resistente, es una opción funcional sin renunciar al diseño.</p>

<div class="woocommerce-product-details__short-description">
<div class="woocommerce-product-details__short-description">
<p>Elaborado por madres de personas con diversidad funcional y gran dependencia, con la colaboración de personas voluntarias.</p>
</div>
</div>
