{"id":1446,"date":"2026-05-04T19:02:17","date_gmt":"2026-05-04T19:02:17","guid":{"rendered":"http:\/\/totssomdecor.org\/MarcPa\/?post_type=product&#038;p=1446"},"modified":"2026-06-02T18:40:54","modified_gmt":"2026-06-02T18:40:54","slug":"fundas-de-libro","status":"publish","type":"product","link":"https:\/\/totssomdecor.org\/?product=fundas-de-libro","title":{"rendered":"Fundas de libro"},"content":{"rendered":"<p data-start=\"91\" data-end=\"147\"><strong data-start=\"91\" data-end=\"147\">Funda acolchada para libro \u2013 Disponible en 3 tama\u00f1os<\/strong><\/p>\n<p data-start=\"149\" data-end=\"415\">Funda acolchada dise\u00f1ada para proteger y transportar libros de forma pr\u00e1ctica y segura. Su confecci\u00f3n en tejido textil con acabado suave ayuda a evitar roces, golpes y dobleces, manteniendo los libros en perfecto estado tanto en el d\u00eda a d\u00eda como en desplazamientos.<\/p>\n<p data-start=\"417\" data-end=\"614\">Dispone de cierre mediante bot\u00f3n y goma el\u00e1stica, que permite ajustar la funda f\u00e1cilmente y asegurar el contenido. Su dise\u00f1o combina diferentes estampados, aportando un estilo original y atractivo.<\/p>\n<p data-start=\"616\" data-end=\"688\">Disponible en tres tama\u00f1os para adaptarse a distintos formatos de libro:<\/p>\n<ul data-start=\"690\" data-end=\"883\">\n<li data-section-id=\"pltz86\" data-start=\"690\" data-end=\"763\"><strong data-start=\"692\" data-end=\"715\">Grande (20 x 26 cm)<\/strong>: ideal para libros de gran formato o cuadernos.<\/li>\n<li data-section-id=\"6rrpet\" data-start=\"764\" data-end=\"822\"><strong data-start=\"766\" data-end=\"790\">Mediana (17 x 22 cm)<\/strong>: perfecta para libros est\u00e1ndar.<\/li>\n<li data-section-id=\"duh8a\" data-start=\"823\" data-end=\"883\"><strong data-start=\"825\" data-end=\"849\">Peque\u00f1a (14 x 20 cm)<\/strong>: pensada para libros de bolsillo.<\/li>\n<\/ul>\n<p data-start=\"885\" data-end=\"1010\">Ligera, funcional y vers\u00e1til, es una soluci\u00f3n pr\u00e1ctica para estudiantes, lectores habituales o como complemento organizativo.<\/p>\n","protected":false},"excerpt":{"rendered":"<div class=\"woocommerce-product-details__short-description\">\n<p>Elaborado por madres de personas con diversidad funcional y gran dependencia, con la colaboraci\u00f3n de personas voluntarias.<\/p>\n<\/div>\n","protected":false},"featured_media":1447,"comment_status":"open","ping_status":"closed","template":"","meta":[],"product_brand":[],"product_cat":[23],"product_tag":[],"class_list":{"0":"post-1446","1":"product","2":"type-product","3":"status-publish","4":"has-post-thumbnail","6":"product_cat-sin-categorizar","8":"first","9":"instock","10":"shipping-taxable","11":"purchasable","12":"product-type-variable"},"_links":{"self":[{"href":"https:\/\/totssomdecor.org\/index.php?rest_route=\/wp\/v2\/product\/1446","targetHints":{"allow":["GET"]}}],"collection":[{"href":"https:\/\/totssomdecor.org\/index.php?rest_route=\/wp\/v2\/product"}],"about":[{"href":"https:\/\/totssomdecor.org\/index.php?rest_route=\/wp\/v2\/types\/product"}],"replies":[{"embeddable":true,"href":"https:\/\/totssomdecor.org\/index.php?rest_route=%2Fwp%2Fv2%2Fcomments&post=1446"}],"wp:featuredmedia":[{"embeddable":true,"href":"https:\/\/totssomdecor.org\/index.php?rest_route=\/wp\/v2\/media\/1447"}],"wp:attachment":[{"href":"https:\/\/totssomdecor.org\/index.php?rest_route=%2Fwp%2Fv2%2Fmedia&parent=1446"}],"wp:term":[{"taxonomy":"product_brand","embeddable":true,"href":"https:\/\/totssomdecor.org\/index.php?rest_route=%2Fwp%2Fv2%2Fproduct_brand&post=1446"},{"taxonomy":"product_cat","embeddable":true,"href":"https:\/\/totssomdecor.org\/index.php?rest_route=%2Fwp%2Fv2%2Fproduct_cat&post=1446"},{"taxonomy":"product_tag","embeddable":true,"href":"https:\/\/totssomdecor.org\/index.php?rest_route=%2Fwp%2Fv2%2Fproduct_tag&post=1446"}],"curies":[{"name":"wp","href":"https:\/\/api.w.org\/{rel}","templated":true}]}}

<p data-start="91" data-end="147"><strong data-start="91" data-end="147">Funda acolchada para libro – Disponible en 3 tamaños</strong></p>
<p data-start="149" data-end="415">Funda acolchada diseñada para proteger y transportar libros de forma práctica y segura. Su confección en tejido textil con acabado suave ayuda a evitar roces, golpes y dobleces, manteniendo los libros en perfecto estado tanto en el día a día como en desplazamientos.</p>
<p data-start="417" data-end="614">Dispone de cierre mediante botón y goma elástica, que permite ajustar la funda fácilmente y asegurar el contenido. Su diseño combina diferentes estampados, aportando un estilo original y atractivo.</p>
<p data-start="616" data-end="688">Disponible en tres tamaños para adaptarse a distintos formatos de libro:</p>
<ul data-start="690" data-end="883">
<li data-section-id="pltz86" data-start="690" data-end="763"><strong data-start="692" data-end="715">Grande (20 x 26 cm)</strong>: ideal para libros de gran formato o cuadernos.</li>
<li data-section-id="6rrpet" data-start="764" data-end="822"><strong data-start="766" data-end="790">Mediana (17 x 22 cm)</strong>: perfecta para libros estándar.</li>
<li data-section-id="duh8a" data-start="823" data-end="883"><strong data-start="825" data-end="849">Pequeña (14 x 20 cm)</strong>: pensada para libros de bolsillo.</li>
</ul>
<p data-start="885" data-end="1010">Ligera, funcional y versátil, es una solución práctica para estudiantes, lectores habituales o como complemento organizativo.</p>

<div class="woocommerce-product-details__short-description">
<p>Elaborado por madres de personas con diversidad funcional y gran dependencia, con la colaboración de personas voluntarias.</p>
</div>
