{"id":1461,"date":"2026-05-09T12:15:43","date_gmt":"2026-05-09T12:15:43","guid":{"rendered":"http:\/\/totssomdecor.org\/MarcPa\/?post_type=product&#038;p=1461"},"modified":"2026-06-02T18:40:23","modified_gmt":"2026-06-02T18:40:23","slug":"neceser-vichy","status":"publish","type":"product","link":"https:\/\/totssomdecor.org\/?product=neceser-vichy","title":{"rendered":"Neceser vichy"},"content":{"rendered":"<p data-start=\"40\" data-end=\"313\">Neceser de tela estampado vichy, confeccionado artesanalmente y dise\u00f1ado para guardar peque\u00f1os objetos de forma c\u00f3moda y pr\u00e1ctica. Su formato ligero y flexible lo convierte en un complemento ideal para el d\u00eda a d\u00eda, viajes o para mantener organizados accesorios personales.<\/p>\n<p data-start=\"315\" data-end=\"530\">Cuenta con cierre de cremallera superior que facilita un acceso r\u00e1pido y seguro al contenido. Su dise\u00f1o cl\u00e1sico de cuadros vichy aporta un estilo atemporal, sencillo y elegante, disponible en diferentes tonalidades.<\/p>\n<p data-start=\"532\" data-end=\"650\">Perfecto para guardar maquillaje, productos de higiene, material escolar, accesorios o peque\u00f1os esenciales cotidianos.<\/p>\n<p data-start=\"652\" data-end=\"752\" data-is-last-node=\"\" data-is-only-node=\"\">Pr\u00e1ctico, ligero y vers\u00e1til, es un accesorio funcional con un acabado handmade y cuidado al detalle.<\/p>\n","protected":false},"excerpt":{"rendered":"<div class=\"woocommerce-product-details__short-description\">\n<p>Elaborado por madres de personas con diversidad funcional y gran dependencia, con la colaboraci\u00f3n de personas voluntarias.<\/p>\n<\/div>\n","protected":false},"featured_media":1462,"comment_status":"open","ping_status":"closed","template":"","meta":[],"product_brand":[],"product_cat":[23],"product_tag":[],"class_list":{"0":"post-1461","1":"product","2":"type-product","3":"status-publish","4":"has-post-thumbnail","6":"product_cat-sin-categorizar","8":"first","9":"instock","10":"shipping-taxable","11":"purchasable","12":"product-type-simple"},"_links":{"self":[{"href":"https:\/\/totssomdecor.org\/index.php?rest_route=\/wp\/v2\/product\/1461","targetHints":{"allow":["GET"]}}],"collection":[{"href":"https:\/\/totssomdecor.org\/index.php?rest_route=\/wp\/v2\/product"}],"about":[{"href":"https:\/\/totssomdecor.org\/index.php?rest_route=\/wp\/v2\/types\/product"}],"replies":[{"embeddable":true,"href":"https:\/\/totssomdecor.org\/index.php?rest_route=%2Fwp%2Fv2%2Fcomments&post=1461"}],"wp:featuredmedia":[{"embeddable":true,"href":"https:\/\/totssomdecor.org\/index.php?rest_route=\/wp\/v2\/media\/1462"}],"wp:attachment":[{"href":"https:\/\/totssomdecor.org\/index.php?rest_route=%2Fwp%2Fv2%2Fmedia&parent=1461"}],"wp:term":[{"taxonomy":"product_brand","embeddable":true,"href":"https:\/\/totssomdecor.org\/index.php?rest_route=%2Fwp%2Fv2%2Fproduct_brand&post=1461"},{"taxonomy":"product_cat","embeddable":true,"href":"https:\/\/totssomdecor.org\/index.php?rest_route=%2Fwp%2Fv2%2Fproduct_cat&post=1461"},{"taxonomy":"product_tag","embeddable":true,"href":"https:\/\/totssomdecor.org\/index.php?rest_route=%2Fwp%2Fv2%2Fproduct_tag&post=1461"}],"curies":[{"name":"wp","href":"https:\/\/api.w.org\/{rel}","templated":true}]}}

<p data-start="40" data-end="313">Neceser de tela estampado vichy, confeccionado artesanalmente y diseñado para guardar pequeños objetos de forma cómoda y práctica. Su formato ligero y flexible lo convierte en un complemento ideal para el día a día, viajes o para mantener organizados accesorios personales.</p>
<p data-start="315" data-end="530">Cuenta con cierre de cremallera superior que facilita un acceso rápido y seguro al contenido. Su diseño clásico de cuadros vichy aporta un estilo atemporal, sencillo y elegante, disponible en diferentes tonalidades.</p>
<p data-start="532" data-end="650">Perfecto para guardar maquillaje, productos de higiene, material escolar, accesorios o pequeños esenciales cotidianos.</p>
<p data-start="652" data-end="752" data-is-last-node="" data-is-only-node="">Práctico, ligero y versátil, es un accesorio funcional con un acabado handmade y cuidado al detalle.</p>

<div class="woocommerce-product-details__short-description">
<p>Elaborado por madres de personas con diversidad funcional y gran dependencia, con la colaboración de personas voluntarias.</p>
</div>
